s the remainder when i(-11) is divided by o(2)?
9
Let t = 550 + -725. Let u(m) = -7*m**3 - 3*m**2 - 2*m + 1. What is the remainder when ((-2)/(-10))/((-7)/t) + 139 is divided by u(-2)?
46
Suppose 4*a - 10 = 3*s - 5*s, 0 = 2*a + 3*s - 7. Calculate the remainder when a*1 - 318/(-3) is divided by 441/(-84)*32/(-6).
24
Suppose 0 = -4*r + 11*r - 21. Suppose -5*p + 155 = r*j, p - j = -6*j + 31. Calculate the remainder when 151 is divided by p.
27
Suppose c - 27 = -198. Let a = -164 - c. Calculate the remainder when a is divided by 7.
0
Let v = 440 + -396. Suppose -c + 5 = 2*l, -4*c + v = 29*l - 27*l. What is the remainder when 48 is divided by c?
9
Suppose 0*i + 5*h = 2*i - 90, i + 5*h - 15 = 0. Let d = 47 - 13. Suppose -d*v - 202 = -644. Calculate the remainder when i is divided by v.
9
Suppose -3*f - 113 = -356. Let u = f - -9. Calculate the remainder when u is divided by 31.
28
Let w = -26 - -41. Let a(v) = -v**3 - 31*v**2 + 104*v + 74. What is the remainder when w is divided by a(-34)?
3
Suppose 0*u + 5*u = 0, -2*w + 56 = -u. Let y(q) = q**2 + 14*q + 9. Suppose -3*s + 9 = 0, 2*o + 22 = -3*s - 5. Calculate the remainder when y(o) is divided by w.
25
Let b(v) = -2*v. Let r be b(-2). Suppose 5*f = r*z + 63, -2*z - 9 = -0*f - f. Calculate the remainder when (56/(-12) + -5)*-6 is divided by f.
13
Let m = 2297 - 2263. Calculate the remainder when 395 is divided by m.
21
Let j = -20239 + 21483. Calculate the remainder when j is divided by 104.
100
Suppose 8 = -d + 5*d. Suppose -d*l + 426 = -4*w, 111 = -3*l + 4*w + 752. Calculate the remainder when l is divided by 9.
8
Suppose -222*v + 162*v + 20760 = 0. Calculate the remainder when v is divided by 81.
22
Calculate the remainder when (-9)/(-45) - 838/(-10) is divided by 216 + -204 - (2/5)/(6/15).
7
Suppose 67*d - 561 - 176 = 0. Calculate the remainder when 142 is divided by d.
10
Let m(p) = -6*p - 28. Suppose 3*y = 2*l + 214 + 19, 4*y - l - 304 = 0. Calculate the remainder when y is divided by m(-11).
37
Let k = 247 + 12. Let u = 292 - k. What is the remainder when 96 is divided by u?
30
Suppose 0 = 5*f - 3*v - 1582, 273*f = 278*f + 5*v - 1550. Calculate the remainder when f is divided by 36.
26
Suppose -2430 = -26*x - 244*x + 27*x. Suppose -4*o - 2*g - g = -1, -4*o = 5*g + 1. Calculate the remainder when -2*o + 47 + 1 is divided by x.
6
Let w = 96 - -9. Let x = w + -76. Calculate the remainder when 67 is divided by x.
9
Suppose -3638 = -5*y - 2*l, -2242 = -5*y - 3*l + 1400. What is the remainder when y is divided by 177?
18
Suppose 4*l - 16 = 40. Calculate the remainder when (6 + -3 - -13)*36/576 + 49 is divided by l.
8
Suppose t = 3*g + 36, -28 = -2*t - 0*g - 5*g. Suppose -2*f + 5*f = -x + 228, 2*x + 5*f - 459 = 0. What is the remainder when x is divided by t?
21
Suppose 0 = 195*i - 213*i + 90. Let p(m) = 25*m**2 - 3*m + 1. Let h be p(2). Suppose -2*n = -7*n + h. Calculate the remainder when n is divided by i.
4
Let q be (3*(-4)/(-3) - -1) + 2. Let t(i) = -i**3 + 7*i**2 + 1. Let b be t(q). Calculate the remainder when 153 - -5 - (-5)/b is divided by 42.
37
Suppose 6*o - 40*o = -238. Calculate the remainder when 35 is divided by o*14/49*1.
1
Suppose n - 21 = -w, 305*n - 304*n - 41 = -5*w. What is the remainder when 2590 is divided by n?
14
Let g(u) = -u**3 - 12*u**2 - 26*u + 23. What is the remainder when 272 is divided by g(-9)?
6
Let v = 10 + 0. Let f(a) = -6*a**2 - 25*a + 9. Let o(m) = -m**2 - 5*m + 2. Let d(h) = -2*f(h) + 11*o(h). What is the remainder when d(v) is divided by 11?
10
Let u be 5/(110/(-4)) - (-72)/33. Suppose 2*s + u*l + 4 = 0, 3*l = s + 3*s - 20. Calculate the remainder when 1/(1068/(-536) + s) is divided by 46.
42
Let m be 69 + (-7 - -2 - 0). Suppose m*u - 54*u = 1480. Calculate the remainder when u is divided by 20.
8
Let h = -32 + 74. Let x(d) be the first derivative of -d**4/2 + 16*d**3/3 + 9*d**2 + 17*d - 144. Calculate the remainder when h is divided by x(9).
8
Let h = -58 + 112. Suppose -449*q = -450*q + h. Calculate the remainder when 107 is divided by q.
53
Let k = -19 + 38. Let f = 457 - 241. Suppose f = -8*h + 14*h. What is the remainder when h is divided by k?
17
Calculate the remainder when 229 is divided by (24/128*52 - -10)/(2/8).
71
Let i(q) = 43*q + 4. Let w be i(1). Suppose k - 13 = d, 4*k - 4 = 5*d + w. Suppose 10*r + 148 = k*r. What is the remainder when 146 is divided by r?
35
Let j(g) = -g**3 + 35*g**2 + 47*g - 385. What is the remainder when 8864 is divided by j(36)?
9
Let i(f) = 198*f + 1600. What is the remainder when i(-3) is divided by 93?
76
Suppose 9*i = -5*i. Suppose i = -2*w + 4*u + 34, -6*w + 4*w + 34 = -3*u. What is the remainder when 100 is divided by w?
15
Let s(f) = -43 - 5 - 7*f + 2*f + 18*f. What is the remainder when s(8) is divided by 5?
1
Let f be 2/(-6) - (-5035)/57. Let i = 173 - f. Suppose 0 = -3*p + 124 - 34. Calculate the remainder when i is divided by p.
25
Suppose 0 = -3*j - 4*n - 4624 + 11691, -2*j = 2*n - 4712. What is the remainder when j is divided by 18?
17
What is the remainder when 783 is divided by 6/(-11 + 16 + 2472/(-498))?
119
Let q(t) = -t - 7. Let w be q(7). Suppose 65*l + 10233 - 11143 = 0. What is the remainder when w/63 + 724/18 is divided by l?
12
What is the remainder when (2 + (-20)/6)*((-21968)/32 - 5) is divided by 232?
226
Let a(q) = q**3 - 8*q**2 + 5*q - 33. Suppose -4*r = -20, 0*f + 2*r + 6 = 2*f. Calculate the remainder when 22 is divided by a(f).
1
Suppose 9*j + 38*j - 7614 = 0. Calculate the remainder when 807 is divided by j.
159
Let z(p) = p**3 - 107*p**2 + 3*p - 42. Calculate the remainder when 22039 is divided by z(107).
277
Suppose 0 = -87*f + 23*f + 832. What is the remainder when 790 is divided by f?
10
Let u(z) = z**3 - z**2 + 3*z - 5. Let k be u(2). Suppose 131 = k*c - 3*i - 99, 0 = 3*c + 5*i - 104. Calculate the remainder when c is divided by 10.
3
Suppose -10*f + 19*f + 54 = 0. What is the remainder when ((-117)/(-26))/((-1)/f) is divided by 9?
0
Let u(i) = -46*i + 1. Calculate the remainder when u(-2) is divided by ((-5)/(-3))/((-6153)/(-1512) - 4).
21
Let h be 2 + ((-1495)/(-69) - 1/(-3)). Suppose -3*p - h = -m, -2*p + 40 = 4*m - 0*p. Calculate the remainder when 981 is divided by m.
9
Calculate the remainder when 1246/4*(17 - 111/7) is divided by 39.
5
Suppose -4*t = 4*m - 716, 0 = -3*m + 150 - 153. Calculate the remainder when t is divided by (21/2)/(2/12).
54
Suppose -5*g = -20 - 35. What is the remainder when (7 - (-5344)/92) + -9 + ((-64)/(-184))/(-4) is divided by g?
1
Let y be (-4052)/22 + 52/286. Let l = -157 - y. What is the remainder when l is divided by 13?
1
Suppose -i + 14 - 4 = 0. Suppose -4*n + 168 = 2*h, -11*h = -10*h + 2. Suppose 2*w - n = 31. What is the remainder when w is divided by i?
7
Let g = -10160 + 10268. Calculate the remainder when 345 is divided by g.
21
Suppose -15*h = 6*h - 1407. What is the remainder when 356 is divided by 938/h - (-14)/(-2)?
6
Let i = -8 - -5. Suppose 59 = -19*d - 986. Calculate the remainder when 23 is divided by 33/d - (-53)/5 - i.
10
Suppose 3*a + 2*a = -5*p + 125, -4*a + 98 = 3*p. Suppose g - a = -3*l, g - 1 + 6 = l. Calculate the remainder when 177 is divided by l.
2
Suppose 7*p + 2*x + 31 = 8*p, -2*x = 0. Let w = -3 - -6. Suppose 2*v = -2*v + 16, -3*b = w*v - 180. Calculate the remainder when b is divided by p.
25
Suppose -109 = -2*x - 5*j, 265 + 48 = 5*x - j. Let v(w) = 2 + 1 - w**2 - 6*w - 8*w + 3*w. What is the remainder when x is divided by v(-5)?
29
Suppose 4*d - 409 = -q - 120, -2*q + 5*d + 656 = 0. Calculate the remainder when 637 is divided by q.
11
Let r(a) be the third derivative of 9*a**6/40 + a**5/60 - a**4/8 + a**3/3 - 6*a**2 - a. Let b = 10 - 9. What is the remainder when r(b) is divided by 7?
6
Let q(d) = 5*d**2 + 4*d. Suppose 13*c - 225 = 8*c. Calculate the remainder when c is divided by q(-2).
9
Let l = 11573 + -7527. Calculate the remainder when l is divided by 11.
9
Suppose -4*w = 4*y - 1000, 15*y + 254 = 16*y - w. What is the remainder when 1008 is divided by y?
0
Suppose 19995 + 17600 = 73*y. Calculate the remainder when y is divided by 133.
116
Suppose 89 = f + 16. Suppose j - i - 72 = -2*j, 3*j + 5*i - 90 = 0. Suppose 8*n - f = -j. Calculate the remainder when n is divided by 3.
0
Suppose 3*j = i + 17151, -21*i + 